39 divide 3186420479?
True
Is 74684386 a multiple of 14?
True
Is 54820589 a multiple of 167?
True
Does 98 divide 420434350?
False
Is 363 a factor of 348982204?
False
Is 10 a factor of 809817680?
True
Is 46 a factor of 40569378?
True
Is 51 a factor of 3134338263?
True
Does 58 divide 17546173?
False
Is 890200225 a multiple of 20?
False
Is 265749765 a multiple of 472?
False
Is 2881 a factor of 1902952358?
True
Is 9304916 a multiple of 386?
True
Is 101 a factor of 232735613?
True
Is 32470714 a multiple of 11?
False
Does 3711 divide 202563013?
False
Is 99949824 a multiple of 2256?
True
Is 3106596706 a multiple of 88?
False
Does 907 divide 6987528?
True
Is 12 a factor of 85759164?
True
Is 119 a factor of 25810624?
True
Is 47420998 a multiple of 63?
False
Is 929 a factor of 19684581?
True
Is 43281088 even?
True
Is 3097000 a multiple of 152?
True
Is 769951776 a multiple of 212?
True
Does 36 divide 70976232?
True
Is 386 a factor of 701752?
False
Is 132 a factor of 648719940?
True
Is 60 a factor of 9918960?
True
Is 49864887 a multiple of 1444?
False
Is 7392161 a multiple of 2?
False
Does 474 divide 38450880?
True
Is 3 a factor of 6825478?
False
Is 46813348 a multiple of 1098?
False
Is 158 a factor of 110350360?
True
Is 132405986 a multiple of 360?
False
Is 545359166 a multiple of 19?
True
Is 6000056963 a multiple of 15209?
True
Does 31 divide 16372154?
True
Does 14 divide 1554471926?
True
Is 32972761 a multiple of 1621?
True
Is 224 a factor of 46449913?
False
Is 22 a factor of 958536942?
True
Is 19627916 a multiple of 1954?
False
Is 45305766 a multiple of 418?
True
Is 320444352 a multiple of 12?
True
Is 184015519 a multiple of 34?
False
Is 62780172 a multiple of 12?
True
Is 2414123 a multiple of 12?
False
Is 11616098 a multiple of 49?
False
Is 593 a factor of 842536723?
False
Does 184 divide 147347963?
False
Does 20 divide 6447586?
False
Is 5 a factor of 17618678?
False
Is 25 a factor of 308189950?
True
Is 30 a factor of 19541174?
False
Does 98 divide 77709787?
False
Is 61 a factor of 209225429?
False
Does 805 divide 87634715?
True
Does 7044 divide 1040739152?
False
Does 79 divide 33463689?
True
Is 1571 a factor of 11779631?
False
Does 214 divide 85446751?
False
Is 1337 a factor of 1589064610?
True
Is 79 a factor of 31172768?
True
Is 554 a factor of 23461739?
False
Does 6 divide 45147884?
False
Is 99 a factor of 4294422?
True
Is 422 a factor of 1173604366?
True
Is 62 a factor of 657598908?
True
Is 483620139 a multiple of 81?
True
Is 35832330 a multiple of 2115?
True
Is 135547500 a multiple of 2750?
True
Does 1282 divide 64333901?
False
Is 71 a factor of 107207728?
True
Is 18012149 a multiple of 16?
False
Is 47376051 a multiple of 8?
False
Does 533 divide 30192787?
False
Is 1818604127 a multiple of 363?
False
Is 25148567 a multiple of 24?
False
Is 42128931 a multiple of 13?
True
Is 1027659030 a multiple of 96?
False
Is 239707008 a multiple of 57?
False
Is 3888 a factor of 6829252?
False
Is 7 a factor of 401533111?
True
Does 2684 divide 664202803?
False
Is 348 a factor of 33209640?
True
Is 84502095 a multiple of 43?
True
Is 504 a factor of 142429392?
True
Is 17 a factor of 5024142?
False
Is 1068647190 a multiple of 8488?
False
Is 9 a factor of 23391927?
True
Does 163 divide 19862313?
False
Does 615 divide 134246413?
False
Does 27 divide 372821634?
False
Is 211 a factor of 116623076?
True
Is 2082 a factor of 68575493?
False
Is 10479250 a multiple of 167?
True
Does 121 divide 643574?
False
Does 31 divide 1608652?
True
Is 113955606 a multiple of 1871?
False
Does 716 divide 64988820?
False
Is 131 a factor of 313369947?
True
Is 194599805 a multiple of 513?
False
Is 119339670 a multiple of 1095?
True
Is 1697 a factor of 879673890?
True
Is 80994035 a multiple of 85?
True
Is 2417 a factor of 1306318205?
False
Does 157 divide 48752760?
False
Is 918155848 a multiple of 8?
True
Does 31 divide 83092610?
False
Does 71 divide 1273379297?
False
Is 346 a factor of 19158366?
True
Is 326 a factor of 5662884?
False
Is 500 a factor of 35700000?
True
Does 54 divide 2420220435?
False
Is 218 a factor of 218793299?
False
Is 25076052 a multiple of 18?
True
Is 85172040 a multiple of 51?
True
Is 12 a factor of 2222890897?
False
Does 2837 divide 227796915?
True
Does 1539 divide 247680504?
True
Is 168 a factor of 216416728?
False
Is 54494860 a multiple of 170?
True
Is 66 a factor of 485969313?
False
Is 10 a factor of 22044239?
False
Does 3586 divide 551010416?
True
Does 41 divide 1236178496?
False
Is 24 a factor of 2177693520?
True
Is 15 a factor of 17310049?
False
Is 15632059 a multiple of 189?
False
Is 1101439960 a multiple of 1852?
True
Is 5242199 a multiple of 4?
False
Is 167 a factor of 153760587?
False
Is 1376 a factor of 1030008928?
True
Does 16 divide 4258637?
False
Is 5 a factor of 77069770?
True
Does 6 divide 312304038?
True
Is 410 a factor of 391940320?
True
Does 264 divide 48607016?
False
Does 4 divide 168824752?
True
Is 1465 a factor of 49412985?
True
Is 112977103 a multiple of 19?
False
Is 14 a factor of 45309866?
True
Is 273151921 a multiple of 4067?
True
Is 57501024 a multiple of 41?
True
Is 6675924 a multiple of 4?
True
Does 9 divide 82783415?
False
Does 10 divide 166069680?
True
Is 54711270 a multiple of 30?
True
Is 58595680 a multiple of 16?
True
Is 7 a factor of 3118115?
True
Is 871511277 a multiple of 609?
True
Is 878414566 a multiple of 31?
False
Is 50 a factor of 118885850?
True
Is 3351 a factor of 1070517070?
False
Is 21 a factor of 2244239338?
False
Does 198 divide 2997944?
False
Is 23454296 a multiple of 41?
True
Is 125487186 a multiple of 2214?
False
Is 857243123 a multiple of 2?
False
Does 1483 divide 16344734?
False
Is 6213516 a multiple of 206?
False
Is 22664268 a multiple of 4?
True
Is 2897 a factor of 518060156?
False
Is 1872 a factor of 125573760?
True
Is 280 a factor of 47632850?
False
Is 153527835 a multiple of 15?
True
Does 3 divide 392766781?
False
Is 3727 a factor of 3737316336?
True
Is 23 a factor of 196238902?
False
Does 15 divide 59602210?
False
Is 15 a factor of 85702528?
False
Is 557717031 a multiple of 415?
False
Is 232001989 a multiple of 6597?
False
Is 125566769 a multiple of 166?
False
Is 3751 a factor of 1162558683?
True
Is 5811100 a multiple of 2?
True
Is 344451702 a multiple of 1918?
True
Is 632312928 a multiple of 156?
True
Is 176 a factor of 1411520?
True
Is 512926064 a multiple of 976?
True
Is 16810553 a multiple of 191?
False
Is 80815048 a multiple of 2669?
False
Does 276 divide 58431960?
True
Is 5749620 a multiple of 79?
True
Is 6 a factor of 188177177?
False
Is 1850 a factor of 421967208?
False
Does 171 divide 25824420?
True
Does 16 divide 160873500?
False
Does 872 divide 439541192?
True
Does 1592 divide 454157394?
False
Is 31364085 a multiple of 219?
True
Is 3048669521 a multiple of 241?
True
Does 20 divide 7996547?
False
Is 27 a factor of 42913254?
False
Is 723 a factor of 2022816630?
True
Is 24 a factor of 8102832?
True
Is 2360 a factor of 6410737040?
True
Does 11 divide 9296116?
False
Does 14 divide 29741992?
True
Is 22990821 a multiple of 92?
False
Is 100 a factor of 8942453?
False
Is 2019 a factor of 701021974?
False
Does 33 divide 730546278?
True
Is 128098350 a multiple of 477?
True
Is 2304420 a multiple of 386?
True
Is 79888542 a multiple of 62?
False
Is 650991074 a multiple of 5?
False
Is 74 a factor of 28129228?
False
Is 1283689172 a multiple of 82?
True
Is 27871175 a multiple of 524?
False
Is 184104121 a multiple of 3243?
False
Is 57 a factor of 2794020756?
True
Is 126 a factor of 8033934?
False
Is 8064627 a multiple of 2?
False
Is 150 a factor of 125041950?
True
Is 272655792 a multiple of 254?
True
Is 789713754 a multiple of 160?
False
Is 11 a factor of 20115905?
False
Does 26 divide 177172048?
False
Is 1019 a factor of 239649822?
False
Is 236138862 a multiple of 21?
False
Is 11485573 a multiple of 540?
False
Does 38 divide 3120370?
True
Is 210224694 a multiple of 201?
True
Is 82153630 a multiple of 26?
True
Is 67 a factor of 681068333?
True
Does 43 divide 812592342?
False
Does 3841 divide 375599867?
True
Does 377 divide 261499264?
True
Is 1545570000 a multiple of 10?
True
Does 116 divide 514112?
True
Is 27 a factor of 494427?
False
Is 13 a factor of 75971994?
False
Does 3647 divide 323905705?
False
Is 184246496